emainder when 32391864 is divided by 13.
11
Calculate the remainder when 1211202 is divided by 2759.
1
Calculate the remainder when 8074 is divided by 1579.
179
What is the remainder when 53005 is divided by 1974?
1681
What is the remainder when 3184508 is divided by 463?
457
What is the remainder when 18632 is divided by 847?
845
Calculate the remainder when 4440157 is divided by 1202.
1171
What is the remainder when 103161 is divided by 2155?
1876
What is the remainder when 6765521 is divided by 58?
53
Calculate the remainder when 71889827 is divided by 2362.
2357
What is the remainder when 120532 is divided by 20058?
184
Calculate the remainder when 123226 is divided by 3009.
2866
What is the remainder when 10055135 is divided by 620?
595
Calculate the remainder when 503587 is divided by 4706.
45
Calculate the remainder when 48818 is divided by 11314.
3562
What is the remainder when 327918 is divided by 3141?
1254
What is the remainder when 30801 is divided by 2968?
1121
What is the remainder when 3707136 is divided by 1061?
2
Calculate the remainder when 99674 is divided by 733.
719
What is the remainder when 4921247 is divided by 546804?
11
Calculate the remainder when 41812581 is divided by 3786.
3783
Calculate the remainder when 373675028 is divided by 1790.
1788
What is the remainder when 2869105 is divided by 77?
8
Calculate the remainder when 8800541 is divided by 31886.
5
What is the remainder when 809806 is divided by 1240?
86
What is the remainder when 5243930 is divided by 539?
538
What is the remainder when 1345762 is divided by 6791?
1144
What is the remainder when 3903827 is divided by 3903680?
147
Calculate the remainder when 5604650 is divided by 1763.
73
What is the remainder when 602395 is divided by 200745?
160
Calculate the remainder when 206134 is divided by 62.
46
Calculate the remainder when 9699331 is divided by 148.
3
Calculate the remainder when 71601 is divided by 2860.
101
Calculate the remainder when 2485106 is divided by 1960.
1786
Calculate the remainder when 16236 is divided by 2097.
1557
Calculate the remainder when 22063013 is divided by 7354337.
2
Calculate the remainder when 1283649 is divided by 3601.
1693
What is the remainder when 37684063 is divided by 281?
277
What is the remainder when 149449 is divided by 250?
199
What is the remainder when 55827 is divided by 294?
261
What is the remainder when 1419059 is divided by 21?
5
What is the remainder when 9834924 is divided by 113045?
9
Calculate the remainder when 77389 is divided by 73745.
3644
What is the remainder when 554060 is divided by 130?
0
Calculate the remainder when 36224757 is divided by 18112373.
11
Calculate the remainder when 26048 is divided by 2496.
1088
What is the remainder when 1831174 is divided by 49?
44
Calculate the remainder when 4161 is divided by 560.
241
Calculate the remainder when 183339 is divided by 956.
743
What is the remainder when 1309622 is divided by 654798?
26
What is the remainder when 86049 is divided by 3764?
3241
Calculate the remainder when 154985 is divided by 81.
32
Calculate the remainder when 561713 is divided by 53.
19
What is the remainder when 198918 is divided by 198859?
59
Calculate the remainder when 10461938 is divided by 5230938.
62
Calculate the remainder when 181343 is divided by 18.
11
What is the remainder when 697873 is divided by 697860?
13
What is the remainder when 121956 is divided by 60186?
1584
What is the remainder when 138359 is divided by 1317?
74
Calculate the remainder when 1389903 is divided by 1389875.
28
What is the remainder when 48945 is divided by 110?
105
Calculate the remainder when 1712839 is divided by 1712829.
10
What is the remainder when 95170992 is divided by 3480?
3432
Calculate the remainder when 5873987 is divided by 11383.
359
Calculate the remainder when 125987 is divided by 5951.
1016
What is the remainder when 413437 is divided by 7949?
89
Calculate the remainder when 302149 is divided by 100556.
481
Calculate the remainder when 69168 is divided by 8772.
7764
Calculate the remainder when 1464098 is divided by 19785.
8
Calculate the remainder when 562504 is divided by 558827.
3677
Calculate the remainder when 1561821 is divided by 1277.
50
What is the remainder when 37523363 is divided by 159?
158
Calculate the remainder when 1336032 is divided by 105.
12
What is the remainder when 843721 is divided by 46873?
7
Calculate the remainder when 1238625 is divided by 4271.
35
Calculate the remainder when 63291 is divided by 4265.
3581
Calculate the remainder when 8605359 is divided by 24.
15
Calculate the remainder when 15249 is divided by 7393.
463
What is the remainder when 150150 is divided by 1604?
978
What is the remainder when 892860 is divided by 25490?
710
Calculate the remainder when 200199179 is divided by 58.
57
Calculate the remainder when 5999537 is divided by 633.
596
What is the remainder when 945671 is divided by 5057?
12
What is the remainder when 1129666 is divided by 1128131?
1535
What is the remainder when 29286116 is divided by 1152?
1124
What is the remainder when 1621461 is divided by 1234?
1219
Calculate the remainder when 7681685 is divided by 1362.
5
Calculate the remainder when 13571923 is divided by 1927.
62
What is the remainder when 2750334 is divided by 85?
74
What is the remainder when 6404409 is divided by 174?
165
Calculate the remainder when 276741 is divided by 15348.
477
Calculate the remainder when 25793 is divided by 2281.
702
What is the remainder when 1112864 is divided by 330?
104
What is the remainder when 1990965 is divided by 288?
21
What is the remainder when 64916 is divided by 3819?
3812
Calculate the remainder when 144313 is divided by 144239.
74
What is the remainder when 15417888 is divided by 47?
8
Calculate the remainder when 2482639 is divided by 3619.
5
What is the remainder when 240990 is divided by 302?
296
What is the remainder when 64135948 is divided by 88220?
8
What is the remainder when 13562455 is divided by 3390594?
79
Calculate the remainder when 539993 is divided by 720.
713
Calculate the remainder when 11177858 is divided by 10.
8
Calculate the remainder when 249351 is divided by 83105.
36
What is the remainder when 920973 is divided by 985?
983
Calculate the remainder when 344231 is divided by 126.
125
What is the remainder when 346 is divided by 27?
22
What is the remainder when 233769 is divided by 562?
539
Calculate the remainder when 339118 is divided by 339000.
118
Calculate the remainder when 373307 is divided by 1145.
37
What is the remainder when 19107352 is divided by 3708?
28
What is the remainder when 85337 is divided by 11903?
2016
Calculate the remainder when 8641738 is divided by 1581.
1573
What is the remainder when 6799207 is divided by 2094?
2083
What is the remainder when 235539 is divided by 58868?
67
Calculate the remainder when 96920555 is divided by 7858.
7841
Calculate the remainder when 2628742 is divided by 17.
15
What is the remainder when 285273 is divided by 450?
423
Calculate the remainder when 356434 is divided by 2037.
1996
Calculate the remainder when 2716196 is divided by 997.
368
What is the remainder when 6004448 is divided by 145?
143
What is the remainder when 2112747 is divided by 11415?
972
Calculate the remainder when 28925 is divided by 5740.
225
What is the remainder when 64306 is divided by 685?
601
Calculate the remainder when 6553524 is divided by 446.
0
Calculate the remainder when 39724910 is divided by 1172.
1142
Calculate the remainder when 138156 is divided by 8036.
1544
Calculate the remainder when 446304 is divided by 222666.
972
Calculate the remainder when 189460 is divided by 46247.
4472
Calculate the remainder when 2466784 is divided by 4.
0
Calculate the remainder when 45040 is divided by 2955.
715
Calculate the remainder when 15850 is divided by 124.
102
Calculate the remainder when 503635 is divided by 110.
55
What is the remainder when 378606 is divided by 94605?
186
What is the remainder when 1221067 is divided by 133?
127
What is the remainder when 206476 is divided by 486?
412
What is the remainder when 524176869 is divided by 505?
504
Calculate the remainder when 65032 is divided by 953.
228
What is the remainder when 462851 is divid